mber?
True
Is 1214506 a prime number?
False
Is 92251651 composite?
False
Is 186469 a composite number?
False
Is 1161371 composite?
False
Is 179229551 prime?
False
Is 4137623 prime?
False
Is 1009529137 a prime number?
True
Is 101892751 a composite number?
False
Is 4092089 prime?
False
Is 25737973 a prime number?
True
Is 89164529 a prime number?
False
Is 9883111 composite?
True
Is 32257021 prime?
False
Is 102232841 a prime number?
False
Is 75558883 prime?
True
Is 7467983 composite?
True
Is 279110459 a composite number?
False
Is 6405001 composite?
True
Is 76965991 a composite number?
False
Is 4074137 a composite number?
False
Is 420032191 a composite number?
False
Is 1549357 a prime number?
False
Is 7184017 a prime number?
False
Is 7504151 a prime number?
False
Is 18833783 composite?
True
Is 411101 a composite number?
False
Is 13186639 composite?
False
Is 9783041 prime?
False
Is 114609119 a composite number?
True
Is 586022807 a composite number?
True
Is 66380297 composite?
False
Is 37021681 prime?
True
Is 654931 a composite number?
False
Is 164687849 prime?
True
Is 115778539 prime?
True
Is 16448303 prime?
False
Is 1480797077 a prime number?
False
Is 10313879 a prime number?
False
Is 126765887 prime?
False
Is 7417937 a prime number?
False
Is 950403 a prime number?
False
Is 2487379 prime?
False
Is 1408469 composite?
True
Is 17830217 composite?
False
Is 199273 composite?
True
Is 3251207 a composite number?
False
Is 279983087 prime?
True
Is 2141245 prime?
False
Is 18925531 composite?
True
Is 351269 prime?
True
Is 119751937 composite?
True
Is 21698921 a composite number?
False
Is 202857 composite?
True
Is 5638103 a composite number?
False
Is 4418093 prime?
False
Is 7250749 a composite number?
True
Is 353141746 prime?
False
Is 92942317 a composite number?
True
Is 1792855 prime?
False
Is 4765063 prime?
True
Is 42322831 prime?
False
Is 9956699 prime?
True
Is 1539457597 prime?
False
Is 6437027 prime?
True
Is 185679239 prime?
True
Is 380231 prime?
True
Is 22971449 composite?
False
Is 12134723 a composite number?
True
Is 344510029 a composite number?
False
Is 4236191 prime?
True
Is 76570667 composite?
False
Is 13570643 a composite number?
False
Is 267531679 prime?
True
Is 160465087 composite?
True
Is 1709549 a prime number?
False
Is 5372074 composite?
True
Is 1596808405 prime?
False
Is 38488169 a prime number?
True
Is 8283809 prime?
True
Is 287352509 a prime number?
False
Is 14016811 prime?
False
Is 352269455 a prime number?
False
Is 150891647 a prime number?
False
Is 7830881 a composite number?
False
Is 6845599 a composite number?
True
Is 38616685 composite?
True
Is 1664167 composite?
True
Is 13436699 prime?
False
Is 343580131 prime?
False
Is 74032727 composite?
False
Is 192938657 a composite number?
True
Is 126913667 a composite number?
True
Is 10285181 prime?
True
Is 88534531 a composite number?
False
Is 1066921 a prime number?
False
Is 173784227 a composite number?
True
Is 169559161 a prime number?
True
Is 3608186 a prime number?
False
Is 64962101 a prime number?
True
Is 14634287 prime?
True
Is 4389191 a prime number?
True
Is 56707381 a prime number?
False
Is 1956719 composite?
False
Is 16149691 composite?
False
Is 70619 a composite number?
False
Is 33738503 a composite number?
False
Is 118139677 prime?
True
Is 555645949 composite?
False
Is 22223491 prime?
True
Is 218388398 a prime number?
False
Is 4781155 a composite number?
True
Is 14440753 prime?
False
Is 27798923 a composite number?
True
Is 18247366 a prime number?
False
Is 10130221 a prime number?
False
Is 5263417 a composite number?
False
Is 114589451 composite?
True
Is 158971 a composite number?
True
Is 12267953 a prime number?
True
Is 213994673 composite?
False
Is 13049573 composite?
False
Is 92021497 a prime number?
True
Is 948263 prime?
True
Is 42363007 prime?
False
Is 812467 prime?
True
Is 1642253 composite?
True
Is 2149991 composite?
False
Is 1041077 composite?
False
Is 387295633 prime?
True
Is 7219801 a composite number?
False
Is 9071989 a composite number?
False
Is 1455067 prime?
True
Is 37912033 composite?
True
Is 137895599 a prime number?
False
Is 212655763 a prime number?
False
Is 7307733 composite?
True
Is 90637682 composite?
True
Is 49919 a prime number?
True
Is 69601747 a composite number?
False
Is 162628621 composite?
False
Is 1026029 prime?
True
Is 538090247 prime?
False
Is 2826059 composite?
False
Is 36207461 a prime number?
True
Is 62084851 a composite number?
True
Is 12991133 a prime number?
False
Is 239983543 a prime number?
False
Is 155205487 a composite number?
False
Is 11954221 prime?
True
Is 171862 prime?
False
Is 895529 a composite number?
False
Is 39216217 a composite number?
True
Is 1076609 prime?
False
Is 73551139 prime?
False
Is 5167711 composite?
True
Is 28266827 composite?
True
Is 81584365 prime?
False
Is 12381499 prime?
False
Is 274433983 composite?
True
Is 637582063 a prime number?
True
Is 30641987 prime?
False
Is 14185007 composite?
False
Is 2754137 composite?
False
Is 409757771 prime?
False
Is 2221589 prime?
True
Is 284260497 a prime number?
False
Is 159576443 a composite number?
True
Is 479 prime?
True
Is 5857294 prime?
False
Is 25401841 a composite number?
True
Is 3449939 prime?
True
Is 8874914 a prime number?
False
Is 286374467 a composite number?
True
Is 33457 a prime number?
True
Is 2530651 prime?
False
Is 80439 a composite number?
True
Is 507958439 a prime number?
True
Is 634804349 prime?
True
Is 44204549 a composite number?
True
Is 1513879 prime?
False
Is 32527721 a composite number?
False
Is 16722703 a composite number?
True
Is 1695919 a prime number?
False
Is 10709549 a composite number?
False
Is 274623 a composite number?
True
Is 395000951 a composite number?
False
Is 23038943 a prime number?
False
Is 651337201 prime?
False
Is 9160286 a composite number?
True
Is 2089847 prime?
True
Is 44274569 a composite number?
True
Is 275193167 a prime number?
True
Is 6873821 a composite number?
False
Is 10457033 prime?
True
Is 873247 a composite number?
False
Is 3024617 a composite number?
False
Is 3302841 prime?
False
Is 22946501 composite?
False
Is 1854569 prime?
False
Is 7863909 a composite number?
True
Is 5990819 a composite number?
False
Is 13197319 composite?
True
Is 461887 a prime number?
True
Is 295795 composite?
True
Is 2068769 a prime number?
True
Is 14808041 prime?
False
Is 180023371 prime?
False
Is 3444333 prime?
False
Is 39752311 a prime number?
True
Is 2806439 a composite number?
False
Is 30291241 prime?
True
Is 94678367 a prime number?
False
Is 3925699 a composite number?
False
Is 50868379 composite?
False
Is 2676434 a prime number?
False
Is 3005416763 composite?
False
Is 25080637 a prime number?
False
Is 2456765 a prime number?
False
Is 3242509 prime?
True
Is 16820707 a composite number?
False
Is 10081553 prime?
False
Is 1822453 composite?
True
Is 4470857 prime?
True
Is 725479 composite?
False
Is 171131057 a prime number?
False
Is 14718271 a composite number?
False
Is 245749009 composite?
True
Is 28106714 a prime number?
False
Is 274569223 prime?
True
Is 51904799 prime?
True
Is 1024706 composite?
True
Is 17985754 prime?
False
Is 16119119 composite?
False
Is 34686941 composite?
True
Is 24628213 a prime number?
True
Is 35414957 composite?
True
Is 8986277 a prime number?
True
Is 27040901 prime?
False
Is 51243079 prime?
True
Is 2982971 prime?
True
Is 218864801 a prime number?
True
Is 607619 prime?
True
Is 2922013 a prime number?
False
Is 1164318278 prime?
False
Is 62836693 prime?
False
Is 4128563 composite?
True
Is 87802514 prime?
False
Is 2670391 composite?
True
Is 54108049 composite?
False
Is 4714 a composite number?
True
Is 1033313401 a composite number?
True
Is 3281269 prime?
True
Is 54989 prime?
False
Is 6762443 prime?
True
Is 625051 prime?
False
Is 61902103 composite?
False
Is 166876769 a composite number?
True
Is 6766127 a composite number?
False
Is 5030141 prime?
False
Is 37521203 composite?
False
Is 1945358 a prime number?
False
Is 29225051 composite?
True
Is 60984791 composite?
True
Is 2194847 a composite number?
False
Is 1618387 prime?
True
Is 320996287 a prime number?
True
Is 35109191 prime?
False
Is 594359 a prime number?
True
Is 875195 a prime number?
False
Is 174751981 a composite number?
True
Is 114381229 prime?
False
Is 23665519 pri